(5 - 10) + 1)?
0
0 + (-1 - (2 - 2))
-1
What is -1 + (-10 - -15) + 3 + -3?
4
What is the value of 2 + -12 - ((-7 - -7) + -5)?
-5
What is 9 + 3 + -6 + -2?
4
What is 10 + (8 - 0) + -10?
8
What is the value of 1 - (-6 + 17) - -11?
1
(0 - 1) + -4 + -20 + 21
-4
-8 - -5 - -5 - (-3 + 5)
0
What is the value of (-4 - -1) + (12 - 2)?
7
(-2 - 7) + (-8 - -8)
-9
Evaluate -3 - -5 - (6 + -1).
-3
What is the value of -1 + -4 - (-2 + -7 + 7)?
-3
Calculate -6 + (3 - (5 - 14)).
6
What is the value of 3 - (-8 + 2 + (6 - 1))?
4
Evaluate (0 - 3) + (1 - -17) + -5.
10
Evaluate -2 - (-9 + 4 - -3).
0
What is the value of 8 - (10 + -14 + 4)?
8
Evaluate -2 - (-2 + (-5 - -7)).
-2
Calculate 6 - (5 - (-7 - -5)).
-1
8 + -3 + 3 + (3 - 7)
4
What is the value of 5 + -3 - 10 - -5?
-3
What is 8 + -9 + 8 + (-6 - -1)?
2
What is the value of -3 + (7 - 9 - 1)?
-6
What is the value of 1 + -11 + -1 + -5 + 11?
-5
Calculate 4 + -3 - 4 - (5 - 5).
-3
What is 3 + 3 + 1 + -2?
5
What is (1 - (-8 + 6)) + 2?
5
0 + 3 + 7 + -4
6
What is the value of 1 - 22 - (15 + -27)?
-9
0 + (-6 - (0 - 10))
4
Calculate 7 + -9 + (4 - 3).
-1
Calculate 8 - (-3 - -6) - 4.
1
Calculate (7 - -1 - 1) + -3.
4
Calculate 6 + 1 - (13 + (-6 - 9)).
9
Calculate (1 - 6 - 1) + 2.
-4
Evaluate -1 + 3 + (0 - (0 - 0)).
2
Calculate -3 + (6 + -3 - 0 - -3).
3
Evaluate 8 + (3 - 7) + -2.
2
Evaluate (2 - 3) + 2 + 1.
2
-7 + 8 + -8 - (-1 + -13)
7
Evaluate -4 - (-16 - (-2 - 3) - -3).
4
Calculate 8 - 4 - (7 + -1).
-2
Evaluate 3 - -2 - (2 - 1).
4
-4 - ((-1 - 8) + 6)
-1
What is the value of (6 + 0 + 1 - 4) + -1?
2
-3 - (-2 - (0 - (3 + -2)))
-2
Evaluate (-4 - (6 + -12 - -5)) + 6.
3
What is the value of 1 - (3 + (-1 - -3)) - -6?
2
Evaluate -7 + (9 + -8 + 4 - -7).
5
Evaluate 3 + (-3 - (0 + 0 + -3)).
3
What is the value of -7 + -6 - -24 - (0 - -2)?
9
What is -4 + 8 + 1 + -1 + -1?
3
What is the value of -4 + (6 - -7) - 7?
2
What is -2 + -29 + 34 + 6 + 0?
9
Evaluate 6 - 6 - (1 - 0 - -2).
-3
What is 4 + -4 + -1 + (2 - 1)?
0
What is -3 - (-5 + -3) - -3?
8
Calculate -105 + 103 - (-3 - -1).
0
Evaluate 8 - (2 + 0) - 3.
3
What is the value of (-2 - -1) + -26 + 22?
-5
What is -8 + 0 - (-6 - -2)?
-4
-20 + 19 - (-2 + -4)
5
What is -15 + 12 + (2 - (2 + -4))?
1
Evaluate 7 + (-2 - (1 - -5)).
-1
What is -2 + (-6 - -2) + 3?
-3
2 + (0 - 3) - 3
-4
Evaluate -21 + 18 - (1 + -5).
1
What is -2 + (-10 + 4 - (1 + -6))?
-3
Evaluate -3 + 9 + -1 + -3.
2
-3 + 4 + -3 + 3
1
What is (4 - 7) + -2 + (1 - 0)?
-4
What is the value of (-22 - -24) + (4 - 1)?
5
What is the value of 4 - (-1 - (-2 - 1) - -4)?
-2
1 + 0 + (5 - 1) + -7
-2
Calculate 15 + -8 - (3 - -1).
3
9 - (14 - 0) - -3
-2
What is 7 + (2 + -2 - 5)?
2
(2 - -4) + -14 - -6
-2
What is -1 + 1 + -1 - (-6 + 4)?
1
8 + 0 + -1 + -8
-1
Evaluate -2 - (-8 + 4) - -3.
5
What is -1 - (-2 - -1) - (16 - 15)?
-1
What is the value of (0 - (-2 - 3)) + -54 + 52?
3
-2 - (2 - 0 - 6)
2
Evaluate (9 - (1 + 9)) + 10.
9
Evaluate -4 + 19 + -11 + 1.
5
What is 65 - 73 - (1 + -6)?
-3
What is the value of 9 + (-3 - -3) - 3?
6
Calculate 1 + (-4 - 1) + 3 + 2.
1
What is the value of -5 - -1 - (3 + -2)?
-5
Evaluate 4 + 0 + 61 + -69.
-4
What is the value of (6 - (-3 - -7)) + -4?
-2
Evaluate -4 + 3 - (0 - 0 - -3).
-4
What is the value of 10 - (5 - (0 - -1))?
6
Calculate (0 - -1) + 7 + -4.
4
Evaluate (21 - 17) + (-1 - 0) + 1.
4
What is (3 - 6) + 28 + -23?
2
What is the value of -3 + (0 + -1 + -1 - -4)?
-1
What is -22 + (21 - 12) - -20?
7
Calculate (33 - 39) + 0 + 0 + 3.
-3
Evaluate (0 - 0) + 2 - (-4 + 1).
5
What is -3 + -1 + 19 + -17?
-2
What is (3 - 3) + -1 + -1?
-2
(-4 - 0) + (8 - 4) + 4
4
Evaluate -11 + ((1 - -2) + 1 - -1).
-6
What is the value of 15 + (-3 - (2 - -1) - 0)?
9
(9 - 30) + (9 - -3)
-9
Evaluate 10 + -2 - (-3 - -5).
6
What is the value of -4 + (3 - (-5 + 5 + -3))?
2
What is (-1 - -6) + -6 + 1 + 2?
2
What is the value of -3 - (-4 + (-7 - -8))?
0
What is 2 - 2 - (7 + (4 - 9))?
-2
(-4 - 5) + (-1 - -9)
-1
-1 + 0 + (-2 - -2) + 1
0
What is the value of -6 - (4 + -13 + 7)?
-4
What is 8 + -7 + -3 + 5?
3
1 + (-1 - -1) - -1
2
0 + 8 + -10 + 7
5
Calculate -8 - -7 - (-5 + 0).
4
-8 + -5 + (-4 - -12)
-5
2 + 3 + (-4 - 1) - 4
-4
Calculate -22 - -24 - (6 + 4).
-8
What is the value of -1 + 3 - 4 - (0 + -4)?
2
0 + (-1 - (-2 + (5 - -1)))
-5
What is the value of 2 + 2 + -4 - -3?
3
Evaluate -4 - (4 + 3 + (-2 - 5)).
-4
What is the value of 4 - (5 + -4) - -1?
4
Calculate -5 - (-1 + 0 + -4 + 4).
-4
2 + (2 + -11 - -6)
-1
Calculate 4 - (9 - (-6 + 2 - -5)).
-4
1 - (2 - (-8 - -8))
-1
What is the value of 0 - (-1 + 2 + 2)?
-3
What is -9 - (4 - (3 + (-4 - -5)))?
-9
Evaluate -4 + 7 + -1 + -41 + 40.
1
What is -7 + 10 + 8 + -12 + 1?
0
Calculate 1 + -4 + 3 + -16 + 17.
1
What is the value of -50 + 36 - (-11 + 1)?
-4
What is -6 - (-9 - (-2 + 1))?
2
Calculate 2 + (-2 + 3 - 5).
-2
Evaluate -3 - ((-6 - -15) + -5).
-7
What is the value of (8 - (6 - 1)) + -2?
1
Evaluate 1 + 1 - (-39 + 32).
9
-3 + (14 - 7) + 3 - 5
2
Evaluate (7 - 16 - -17 - 4) + -3.
1
Evaluate 9 - 15 - -2 - -5.
1
Evaluate -6 + (-1 - -3) + 0 + 5.
1
Evaluate 56 + -60 + 0 + 0 + 1.
-3
What is -4 - (-1 - -1 - 3)?
-1
Calculate -2 - -1 - (3 + -9).
5
What is -8 + 11 - -9 - 8?
4
8 - 8 - (0 + -2)
2
What is 0 - (-6 - -8) - -2?
0
What is the value of 1 + -2 - (-72 + 75) - -11?
7
What is (-3 - -1) + (-8 - (-2 + -3))?
-5
Evaluate -2 + (4 - (3 + 3)).
-4
What is the value of 24 + -29 - (-3 + -5)?
3
Evaluate 2 - (3 + 1 - -1).
-3
-1 - ((-3 - -7) + -2)
-3
Evaluate 0 - (0 + (-2 - -3)) - 2.
-3
(-5 - -1 - -3) + (-8 - -6)
-3
Evaluate 0 - (-4 - (1 - 2)).
3
What is the value of 8 + (7 - (10 + -2))?
7
2 + -5 + -7 + 10
0
What is (-18 - -18) + -6 + 3 + 0?
-3
Evaluate (-1 - 0) + 9 + -10.
-2
Calculate -7 + 1 + 6 + -4.
-4
What is the value of 8 + (2 - 13) + -7?
-10
(6 - 3) + -4 - -2 - -5
6
What is -9 - (-8 + 12 + -7)?
-6
Evaluate (-6 - -4) + -5 - -7.
0
What is the value of 1 - -9 - (-2 + 10 - 4)?
6
-2 - (2 + 2 - 2 - 6)
2
-2 - (-4 + 7 + -16 + 5)
6
What is 2 - (-5 - (4 - 7))?
4
What is (-5 - -1) + (1 - -3)?
0
What is the value of (-7 - -11) + (-1 - -1)?
4
Calculate 1 + -2 + (-26 - -32).
5
What is 19 - (-11 + 27) - (-1 + -2)?
6
Evaluate 0 - (-9 + (21 - 5)).
-7
What is -3 + (2 - (-2 - -4))?
-3
-8 + (1 - 3 - (-6 + 0))
-4
-16 + 11 - -24 - 11
8
What is (1 - (-4 - -1)) + (-8 - -1)?
-3
14 - 20 - (-4 - 2)
0
Calculate 0 + -4 - (-1 + 2 + -9).
4
What is the value of -9 + 6 + -3 + (6 - 1)?
-1
(4 - 4) + -8 + 2
-6
What is the value of -6 - (-4 + 4 + -8)?
2
What is the value of -1 - (-1 - -4 - 4)?
0
What is 3 + (-13 - (-6 - 2))?
-2
What is the value of 3 + (-6 - -2) + -4?
-5
What is -6 + -1 + (-6 - -8) + 1?
-4
Evaluate 9 - (6 - (2 + 1)) - 4.
2
(-3 - -5 - 4 - 2) + 8
4
13 + -7 + -14 + 5
-3
Evaluate 5 - (16 - 7) - 4.
-8
What is (-8 - -3) + 10 - 2?
3
What is the value of 0 - ((0 - 0) + -5 - -4)?
1
3 + (-3 - 0) - 2
-2
Calculate -227 - -233 - (-1 + 3 - 1).
5
Evaluate (-2 - -8) + (-3 - -8 - 9).
2
(1 - 14) + 12 - -4
3
Evaluate 2 - 0 - (23 - 26).
5
Evaluate -2 + 2 + 1 - 3 - -2.
0
What is the value of (0 - 1) + -9 + 10 - 5?
-5
Evaluate -17 + 18 - (-1 - -3).
-1
What is the value of 0 + -2 - (10 + -7)?
-5
Calculate -2 - (14 + -11) - (0 - 9).
4
What is -6 + (4 - 4) + 1?
-5
What is -2 + -1 + (-1 + 2 - 3)?
-5
What is the value of 2 - (7 - (4 + -5))?
-6
What is (-5 - ((-3 - 3) + 7)) + 4?
-2
What is -5 - (-11 + 4) - 3?
-1
What is (5 - (-9 + 9)) + (-4 - -1)?
2
Calculate (-8 - (-21 + -2)) + -12.
3
What is the value of 5 + 6 + -4 + -10 + 12?
9
What is the value of -9 - ((-3 - -5) + -7)?
-4
What is the value of 0 + 7 + -42 + 33?
-2
What is (2 + 0 - 0) + 33 + -34?
1
Evaluate (-10 - -9) + -7 + 2 - 0.
-6
-8 - (-16 - -15 - (5 + -1))
-3
What is the value of -5 - -8 - (-1 + 10)?
-6
What is the value of 5 - (7 + -5 + 3)?
0
What is the value of -28 + 29 - (-4 + 0)?
5
What is the value of 4 - 10 - 1 - -7 - 7?
-7
4 + -6 + (-2 - 1) + 10
5
Calculate -1 + (0 - 2) - (-9 + 3).
3
What is the value of -16 + 12 + -7 + (1 - -4)?
-6
What is the value of -14 + (8 - 8) + 21?
7
(-5 - (4 + (-4 - 1))) + 2
-2
Evaluate 2 + (6 - 8) + (11 - 5).
6
What is the value of 3 + 0 + -2 + 0?
1
Evaluate 13 + -15 + (2 - -4 - 0).
4
What is 12 + -19 + -3 + 0 + 6?
-4
2 - (-2 + 1 - -4)
-1
2 - (-2 - -9 - -1)
-6
What is -2 - (-3 + -2 - 0)?
3
-5 + 5 + -6 + 6
0
Calculate -3 + 3 + (7 - 7) + -8.
-8
(4 - 10 - 0) + 5 + 1
0
Calculate -6 - (